{"id":961,"date":"2022-04-13T21:55:23","date_gmt":"2022-04-13T21:55:23","guid":{"rendered":"https:\/\/enjeux-rlaroche.profweb.ca\/?page_id=961"},"modified":"2022-04-20T20:35:51","modified_gmt":"2022-04-20T20:35:51","slug":"la-page-hote-de-noam","status":"publish","type":"page","link":"https:\/\/enjeux-rlaroche.philo-cvm.ca\/?page_id=961","title":{"rendered":"La page h\u00f4te de Noam"},"content":{"rendered":"\n<p>\u00c0 quoi ressemblera notre avenir? C\u2019est une bonne question mais il faut la d\u00e9tailler davantage. D\u2019abord, peut-on savoir ce que l\u2019avenir nous r\u00e9serve? L\u2019avenir est-il uniquement la suite logique du pass\u00e9 ou comporte t-il du chaos? Lorsque la question de notre avenir se laisse poindre \u00e0 l\u2019horizon du temps, la raison et les passions d\u00e9ferlent \u00e0 l\u2019int\u00e9rieur de notre conscience. L\u2019anticipation de cet avenir se retrouve ainsi biais\u00e9e si on se laisse entrainer sans recul car la vision que l\u2019on projette est celle de notre conscience. Ainsi l\u2019avenir devient comme le reflet de notre propre compr\u00e9hension du pr\u00e9sent.<\/p>\n\n\n\n<p class=\"has-larger-font-size\"><strong>Comment penser l&rsquo;avenir?<\/strong><\/p>\n\n\n\n<p>Si notre vision de l&rsquo;avenir n&rsquo;est que le reflet de notre propre compr\u00e9hension du pr\u00e9sent, comment penser l&rsquo;avenir en commun? Tout le probl\u00e8me est l\u00e0, car l&rsquo;avenir est un concept qui joue sur la subjectivit\u00e9 du sujet pensant au travers de l&rsquo;anticipation. Tout le monde pense un tant soit peu \u00e0 l&rsquo;avenir m\u00eame si il peut \u00eatre dans l&rsquo;imm\u00e9diat.<\/p>\n\n\n\n<p><\/p>\n\n\n\n<p><strong>L&rsquo;AVENIR EST DE LUI M\u00caME<\/strong> <\/p>\n\n\n\n<p>Car l&rsquo;avenir n&rsquo;est rien d&rsquo;autre que le temps \u00e0 venir. Peu importe ce que nous faisons l&rsquo;avenir existe par lui m\u00eame. <\/p>\n\n\n\n<p><strong>L&rsquo;ANTICIPATION EST UN PRODUIT DE NOTRE CONSCIENCE<\/strong> <strong>AU SUJET DE L&rsquo;AVENIR  <\/strong><\/p>\n\n\n\n<p>L&rsquo;anticipation est un ph\u00e9nom\u00e8ne de passivit\u00e9 face \u00e0 l&rsquo;avenir car l&rsquo;anticipation est une \u00e9motion qui implique l&rsquo;attente et l&rsquo;imagination. Mais en aucun cas l&rsquo;anticipation porte \u00e0 l&rsquo;action. <\/p>\n\n\n\n<p><\/p>\n\n\n\n<p>Et donc de ces constats, on en revient \u00e0 notre question de d\u00e9part. Comment penser l&rsquo;avenir en commun? Mais aussi comment \u00e9viter l&rsquo;anticipation? Qui est bien trop subjective et virtuelle ne permettant pas de d\u00e9boucher sur quoi que se soit de tangible et de commun.  Peut-\u00eatre que la question de l&rsquo;anticipation n&rsquo;est qu&rsquo;une perspective pour penser l&rsquo;avenir et que le pr\u00e9sent en est une autre.<\/p>\n\n\n\n<p>Le pr\u00e9sent est ce que nous avons toutes et tous en commun. Ainsi penser le pr\u00e9sent est peut-\u00eatre bien plus pertinent que d&rsquo;anticiper l&rsquo;avenir car bien que l&rsquo;exp\u00e9rience du pr\u00e9sent soit elle aussi subjective au final, le pr\u00e9sent lui peut \u00eatre v\u00e9cu en commun en opposition \u00e0 l&rsquo;avenir qui lui est incertain pour chaque \u00eatre du pr\u00e9sent.<\/p>\n\n\n\n<p> <\/p>\n","protected":false},"excerpt":{"rendered":"<p>\u00c0 quoi ressemblera notre avenir? C\u2019est une bonne question mais il faut la d\u00e9tailler davantage. D\u2019abord, peut-on savoir ce que l\u2019avenir nous r\u00e9serve? L\u2019avenir est-il uniquement la suite logique du pass\u00e9 ou comporte t-il du chaos? Lorsque la question de notre avenir se laisse poindre \u00e0 l\u2019horizon du temps, la raison et les passions d\u00e9ferlent&hellip;<\/p>\n","protected":false},"author":1,"featured_media":0,"parent":0,"menu_order":0,"comment_status":"closed","ping_status":"closed","template":"","meta":{"footnotes":""},"class_list":["post-961","page","type-page","status-publish","hentry"],"_links":{"self":[{"href":"https:\/\/enjeux-rlaroche.philo-cvm.ca\/index.php?rest_route=\/wp\/v2\/pages\/961","targetHints":{"allow":["GET"]}}],"collection":[{"href":"https:\/\/enjeux-rlaroche.philo-cvm.ca\/index.php?rest_route=\/wp\/v2\/pages"}],"about":[{"href":"https:\/\/enjeux-rlaroche.philo-cvm.ca\/index.php?rest_route=\/wp\/v2\/types\/page"}],"author":[{"embeddable":true,"href":"https:\/\/enjeux-rlaroche.philo-cvm.ca\/index.php?rest_route=\/wp\/v2\/users\/1"}],"replies":[{"embeddable":true,"href":"https:\/\/enjeux-rlaroche.philo-cvm.ca\/index.php?rest_route=%2Fwp%2Fv2%2Fcomments&post=961"}],"version-history":[{"count":12,"href":"https:\/\/enjeux-rlaroche.philo-cvm.ca\/index.php?rest_route=\/wp\/v2\/pages\/961\/revisions"}],"predecessor-version":[{"id":1017,"href":"https:\/\/enjeux-rlaroche.philo-cvm.ca\/index.php?rest_route=\/wp\/v2\/pages\/961\/revisions\/1017"}],"wp:attachment":[{"href":"https:\/\/enjeux-rlaroche.philo-cvm.ca\/index.php?rest_route=%2Fwp%2Fv2%2Fmedia&parent=961"}],"curies":[{"name":"wp","href":"https:\/\/api.w.org\/{rel}","templated":true}]}}