{"id":918,"date":"2022-04-13T20:44:53","date_gmt":"2022-04-13T20:44:53","guid":{"rendered":"https:\/\/enjeux-rlaroche.profweb.ca\/?page_id=918"},"modified":"2022-04-18T13:47:58","modified_gmt":"2022-04-18T13:47:58","slug":"rencontre-au-sommet","status":"publish","type":"page","link":"https:\/\/enjeux-rlaroche.philo-cvm.ca\/?page_id=918","title":{"rendered":"Le sommet &#8211; Rencontre du 21 avril"},"content":{"rendered":"\n<p>Le groupe de discussion du CVM est tr\u00e8s heureux d&rsquo;accueillir des \u00e9tudiantes et des \u00e9tudiants ainsi que plusieurs enseignantes et enseignants du C\u00e9gep de Granby, du Coll\u00e8ge Montmorency et du Coll\u00e8ge Br\u00e9beuf. <\/p>\n\n\n\n<p>L&rsquo;objectif de la rencontre est de favoriser la discussion entre les participantes et les participants au Concours Philosopher en nous demandant : Quel avenir veut-on? Mais aussi Comment penser l&rsquo;avenir? Deux questions indissociables de la question du concours : L&rsquo;avenir est-il \u00abwoke\u00bb? <\/p>\n\n\n\n<p>Les \u00e9tudiantes et les \u00e9tudiants seront invit\u00e9.es \u00e0 se r\u00e9unir en sous-groupes afin de r\u00e9fl\u00e9chir ces questions ensemble dans un esprit de coll\u00e9gialit\u00e9 avant de se retrouver en pl\u00e9ni\u00e8re. <\/p>\n\n\n\n<p>Chaque sous-groupe pourra laisser les traces de sa discussion sur l&rsquo;une et l&rsquo;autre des pages suivantes : <\/p>\n\n\n\n<p class=\"has-text-align-center\"><a href=\"https:\/\/enjeux-rlaroche.philo-cvm.ca\/?page_id=949\" target=\"_blank\" rel=\"noreferrer noopener\">La page h\u00f4te de Pascale<\/a><\/p>\n\n\n\n<p class=\"has-text-align-center\"><a href=\"https:\/\/enjeux-rlaroche.philo-cvm.ca\/?page_id=953\" target=\"_blank\" rel=\"noreferrer noopener\">La page h\u00f4te d&rsquo;\u00c9douard<\/a><\/p>\n\n\n\n<p class=\"has-text-align-center\"><a href=\"https:\/\/enjeux-rlaroche.philo-cvm.ca\/?page_id=956\" target=\"_blank\" rel=\"noreferrer noopener\">La page h\u00f4te de Fran\u00e7ois<\/a><\/p>\n\n\n\n<p class=\"has-text-align-center\"><a href=\"https:\/\/enjeux-rlaroche.philo-cvm.ca\/?page_id=959\" target=\"_blank\" rel=\"noreferrer noopener\">La page h\u00f4te de Ga\u00eblle<\/a><\/p>\n\n\n\n<p class=\"has-text-align-center\"><a href=\"https:\/\/enjeux-rlaroche.philo-cvm.ca\/?page_id=961\" target=\"_blank\" rel=\"noreferrer noopener\">La page h\u00f4te de Noam<\/a><\/p>\n\n\n\n<p class=\"has-text-align-center\"><a rel=\"noreferrer noopener\" href=\"https:\/\/enjeux-rlaroche.philo-cvm.ca\/?page_id=964\" target=\"_blank\">La page h\u00f4te de Milli<\/a><\/p>\n\n\n\n<p><\/p>\n\n\n\n<p><\/p>\n","protected":false},"excerpt":{"rendered":"<p>Le groupe de discussion du CVM est tr\u00e8s heureux d&rsquo;accueillir des \u00e9tudiantes et des \u00e9tudiants ainsi que plusieurs enseignantes et enseignants du C\u00e9gep de Granby, du Coll\u00e8ge Montmorency et du Coll\u00e8ge Br\u00e9beuf. L&rsquo;objectif de la rencontre est de favoriser la discussion entre les participantes et les participants au Concours Philosopher en nous demandant : Quel&hellip;<\/p>\n","protected":false},"author":1,"featured_media":922,"parent":0,"menu_order":0,"comment_status":"closed","ping_status":"closed","template":"","meta":{"footnotes":""},"class_list":["post-918","page","type-page","status-publish","has-post-thumbnail","hentry"],"_links":{"self":[{"href":"https:\/\/enjeux-rlaroche.philo-cvm.ca\/index.php?rest_route=\/wp\/v2\/pages\/918","targetHints":{"allow":["GET"]}}],"collection":[{"href":"https:\/\/enjeux-rlaroche.philo-cvm.ca\/index.php?rest_route=\/wp\/v2\/pages"}],"about":[{"href":"https:\/\/enjeux-rlaroche.philo-cvm.ca\/index.php?rest_route=\/wp\/v2\/types\/page"}],"author":[{"embeddable":true,"href":"https:\/\/enjeux-rlaroche.philo-cvm.ca\/index.php?rest_route=\/wp\/v2\/users\/1"}],"replies":[{"embeddable":true,"href":"https:\/\/enjeux-rlaroche.philo-cvm.ca\/index.php?rest_route=%2Fwp%2Fv2%2Fcomments&post=918"}],"version-history":[{"count":12,"href":"https:\/\/enjeux-rlaroche.philo-cvm.ca\/index.php?rest_route=\/wp\/v2\/pages\/918\/revisions"}],"predecessor-version":[{"id":992,"href":"https:\/\/enjeux-rlaroche.philo-cvm.ca\/index.php?rest_route=\/wp\/v2\/pages\/918\/revisions\/992"}],"wp:featuredmedia":[{"embeddable":true,"href":"https:\/\/enjeux-rlaroche.philo-cvm.ca\/index.php?rest_route=\/wp\/v2\/media\/922"}],"wp:attachment":[{"href":"https:\/\/enjeux-rlaroche.philo-cvm.ca\/index.php?rest_route=%2Fwp%2Fv2%2Fmedia&parent=918"}],"curies":[{"name":"wp","href":"https:\/\/api.w.org\/{rel}","templated":true}]}}