{"id":545,"date":"2022-01-21T14:33:12","date_gmt":"2022-01-21T14:33:12","guid":{"rendered":"https:\/\/enjeux-rlaroche.profweb.ca\/?page_id=545"},"modified":"2022-01-21T15:08:28","modified_gmt":"2022-01-21T15:08:28","slug":"theories-politiques","status":"publish","type":"page","link":"https:\/\/enjeux-rlaroche.philo-cvm.ca\/?page_id=545","title":{"rendered":"Th\u00e9ories politiques"},"content":{"rendered":"\n<p>Ici des r\u00e9f\u00e9rences vers des textes ou des auteur.es pr\u00e9sentant des th\u00e9ories politiques susceptibles d\u2019\u00e9clairer le d\u00e9bat.<\/p>\n","protected":false},"excerpt":{"rendered":"<p>Ici des r\u00e9f\u00e9rences vers des textes ou des auteur.es pr\u00e9sentant des th\u00e9ories politiques susceptibles d\u2019\u00e9clairer le d\u00e9bat.<\/p>\n","protected":false},"author":1,"featured_media":547,"parent":0,"menu_order":0,"comment_status":"closed","ping_status":"closed","template":"","meta":{"footnotes":""},"class_list":["post-545","page","type-page","status-publish","has-post-thumbnail","hentry"],"_links":{"self":[{"href":"https:\/\/enjeux-rlaroche.philo-cvm.ca\/index.php?rest_route=\/wp\/v2\/pages\/545","targetHints":{"allow":["GET"]}}],"collection":[{"href":"https:\/\/enjeux-rlaroche.philo-cvm.ca\/index.php?rest_route=\/wp\/v2\/pages"}],"about":[{"href":"https:\/\/enjeux-rlaroche.philo-cvm.ca\/index.php?rest_route=\/wp\/v2\/types\/page"}],"author":[{"embeddable":true,"href":"https:\/\/enjeux-rlaroche.philo-cvm.ca\/index.php?rest_route=\/wp\/v2\/users\/1"}],"replies":[{"embeddable":true,"href":"https:\/\/enjeux-rlaroche.philo-cvm.ca\/index.php?rest_route=%2Fwp%2Fv2%2Fcomments&post=545"}],"version-history":[{"count":2,"href":"https:\/\/enjeux-rlaroche.philo-cvm.ca\/index.php?rest_route=\/wp\/v2\/pages\/545\/revisions"}],"predecessor-version":[{"id":1044,"href":"https:\/\/enjeux-rlaroche.philo-cvm.ca\/index.php?rest_route=\/wp\/v2\/pages\/545\/revisions\/1044"}],"wp:featuredmedia":[{"embeddable":true,"href":"https:\/\/enjeux-rlaroche.philo-cvm.ca\/index.php?rest_route=\/wp\/v2\/media\/547"}],"wp:attachment":[{"href":"https:\/\/enjeux-rlaroche.philo-cvm.ca\/index.php?rest_route=%2Fwp%2Fv2%2Fmedia&parent=545"}],"curies":[{"name":"wp","href":"https:\/\/api.w.org\/{rel}","templated":true}]}}