{"id":1387,"date":"2022-09-29T12:53:58","date_gmt":"2022-09-29T12:53:58","guid":{"rendered":"https:\/\/enjeux-rlaroche.profweb.ca\/?page_id=1387"},"modified":"2023-02-22T13:35:31","modified_gmt":"2023-02-22T13:35:31","slug":"a-venir","status":"publish","type":"page","link":"https:\/\/enjeux-rlaroche.philo-cvm.ca\/?page_id=1387","title":{"rendered":"CALENDRIER DES ACTIVIT\u00c9S"},"content":{"rendered":"\n<h4 class=\"wp-block-heading\">Le GRAP se pr\u00e9pare \u00e0 participer et \u00e0 organiser plusieurs activit\u00e9s pendant la session d&rsquo;hiver 2023. En voici un premier aper\u00e7u et \u00e9bauche : <\/h4>\n\n\n\n<p><strong>Jeudi 19 janvier<\/strong> : Atelier d&rsquo;\u00e9criture de l&rsquo;utopie 12h \u00e0 16h.<\/p>\n\n\n\n<p><strong>Mercredi 25 janvier<\/strong> : Plan\u00e9tarium \u00e0 16h. <\/p>\n\n\n\n<p><strong>2 f\u00e9vrier<\/strong> (jour \u00e0 d\u00e9finir) : Rencontre et discussion au local (\u00e0 d\u00e9finir) \u00e0 18h &#8211; Utopie<\/p>\n\n\n\n<p>9 atelier utopie<\/p>\n\n\n\n<p><strong>16 f\u00e9vrier<\/strong> : Rencontre et discussion au local (\u00e0 d\u00e9finir) \u00e0 18h &#8211; Concours philosopher<\/p>\n\n\n\n<p>23 atelier Utopie \u00e9criture \u00e0 distance.<\/p>\n\n\n\n<p><strong>2 mars<\/strong> : <\/p>\n\n\n\n<p>9 mars : Rencontre sur l&rsquo;amour &#8211; Charles Fourier<\/p>\n\n\n\n<p><strong>19 mars <\/strong>: Intercoll\u00e9gial de philosophie \u00e0 Valleyfield <\/p>\n\n\n\n<p><strong>23 mars<\/strong> : Atelier d&rsquo;\u00e9criture pour finaliser l&rsquo;utopie \u00e0 mettre en ligne &#8211; Laboratoire informatique<\/p>\n\n\n\n<p><strong>27 au 31 mars<\/strong> : Semaine de la citoyennet\u00e9 &#8211; Utopie et communaut\u00e9 du CVM<\/p>\n\n\n\n<p><strong>Vendredi 31 mars <\/strong>: 14h \u00e0 17h Pr\u00e9sentation de l&rsquo;utopie, forum de discussion et animation.<\/p>\n\n\n\n<p><strong>Mercredi 12 avril<\/strong> : Rencontre et discussion avec Philippe N\u00e9m\u00e9h-Nombr\u00e9, local 8.82, heure \u00e0 confirmer.<\/p>\n\n\n\n<p><strong>27 avril<\/strong> : Rencontre et discussion &#8211; Concours philosopher<\/p>\n\n\n\n<p><strong>4 mai <\/strong>: Concours philosopher<\/p>\n\n\n\n<p><strong>18 mai<\/strong> : Micro ouvert du GRAP<\/p>\n\n\n\n<p><strong>26 mai<\/strong> (\u00e0 confirmer) : Remise des r\u00e9dactions pour le concours philosopher. <\/p>\n\n\n\n<p><\/p>\n\n\n\n<p><em>* Reste \u00e0 planifier les 2 rencontres pr\u00e9vues du cercle de lecture spinoziste.<\/em>  <\/p>\n","protected":false},"excerpt":{"rendered":"<p>Le GRAP se pr\u00e9pare \u00e0 participer et \u00e0 organiser plusieurs activit\u00e9s pendant la session d&rsquo;hiver 2023. En voici un premier aper\u00e7u et \u00e9bauche : Jeudi 19 janvier : Atelier d&rsquo;\u00e9criture de l&rsquo;utopie 12h \u00e0 16h. Mercredi 25 janvier : Plan\u00e9tarium \u00e0 16h. 2 f\u00e9vrier (jour \u00e0 d\u00e9finir) : Rencontre et discussion au local (\u00e0 d\u00e9finir)&hellip;<\/p>\n","protected":false},"author":1,"featured_media":1388,"parent":0,"menu_order":0,"comment_status":"open","ping_status":"closed","template":"","meta":{"footnotes":""},"class_list":["post-1387","page","type-page","status-publish","has-post-thumbnail","hentry"],"_links":{"self":[{"href":"https:\/\/enjeux-rlaroche.philo-cvm.ca\/index.php?rest_route=\/wp\/v2\/pages\/1387","targetHints":{"allow":["GET"]}}],"collection":[{"href":"https:\/\/enjeux-rlaroche.philo-cvm.ca\/index.php?rest_route=\/wp\/v2\/pages"}],"about":[{"href":"https:\/\/enjeux-rlaroche.philo-cvm.ca\/index.php?rest_route=\/wp\/v2\/types\/page"}],"author":[{"embeddable":true,"href":"https:\/\/enjeux-rlaroche.philo-cvm.ca\/index.php?rest_route=\/wp\/v2\/users\/1"}],"replies":[{"embeddable":true,"href":"https:\/\/enjeux-rlaroche.philo-cvm.ca\/index.php?rest_route=%2Fwp%2Fv2%2Fcomments&post=1387"}],"version-history":[{"count":28,"href":"https:\/\/enjeux-rlaroche.philo-cvm.ca\/index.php?rest_route=\/wp\/v2\/pages\/1387\/revisions"}],"predecessor-version":[{"id":2484,"href":"https:\/\/enjeux-rlaroche.philo-cvm.ca\/index.php?rest_route=\/wp\/v2\/pages\/1387\/revisions\/2484"}],"wp:featuredmedia":[{"embeddable":true,"href":"https:\/\/enjeux-rlaroche.philo-cvm.ca\/index.php?rest_route=\/wp\/v2\/media\/1388"}],"wp:attachment":[{"href":"https:\/\/enjeux-rlaroche.philo-cvm.ca\/index.php?rest_route=%2Fwp%2Fv2%2Fmedia&parent=1387"}],"curies":[{"name":"wp","href":"https:\/\/api.w.org\/{rel}","templated":true}]}}